{"id":8880,"date":"2019-04-20T00:19:39","date_gmt":"2019-04-19T21:19:39","guid":{"rendered":"http:\/\/corummatematikevi.com\/?page_id=8880"},"modified":"2019-04-20T00:20:15","modified_gmt":"2019-04-19T21:20:15","slug":"on-kayit","status":"publish","type":"page","link":"https:\/\/corummatematikevi.com\/index.php\/on-kayit\/","title":{"rendered":"\u00d6n Kay\u0131t"},"content":{"rendered":"\n<div class=\"wpcf7 no-js\" id=\"wpcf7-f8835-o1\" lang=\"tr-TR\" dir=\"ltr\" data-wpcf7-id=\"8835\">\n<div class=\"screen-reader-response\"><p role=\"status\" aria-live=\"polite\" aria-atomic=\"true\"><\/p> <ul><\/ul><\/div>\n<form action=\"\/index.php\/wp-json\/wp\/v2\/pages\/8880#wpcf7-f8835-o1\" method=\"post\" class=\"wpcf7-form init\" aria-label=\"\u0130leti\u015fim Formu\" novalidate=\"novalidate\" data-status=\"init\">\n<fieldset class=\"hidden-fields-container\"><input type=\"hidden\" name=\"_wpcf7\" value=\"8835\" \/><input type=\"hidden\" name=\"_wpcf7_version\" value=\"6.1.5\" \/><input type=\"hidden\" name=\"_wpcf7_locale\" value=\"tr_TR\" \/><input type=\"hidden\" name=\"_wpcf7_unit_tag\" value=\"wpcf7-f8835-o1\" \/><input type=\"hidden\" name=\"_wpcf7_container_post\" value=\"0\" \/><input type=\"hidden\" name=\"_wpcf7_posted_data_hash\" value=\"\" \/>\n<\/fieldset>\n<p><label> Ad\u0131n\u0131z Soyad\u0131n\u0131z (Gerekli)<br \/>\n<span class=\"wpcf7-form-control-wrap\" data-name=\"your-name\"><input size=\"40\" maxlength=\"400\" class=\"wpcf7-form-control wpcf7-text wpcf7-validates-as-required\" aria-required=\"true\" aria-invalid=\"false\" value=\"\" type=\"text\" name=\"your-name\" \/><\/span> <\/label>\n<\/p>\n<p><label>Telefon Numaran\u0131z (Gerekli)<br \/>\n<span class=\"wpcf7-form-control-wrap\" data-name=\"tel-921\"><input size=\"40\" maxlength=\"400\" class=\"wpcf7-form-control wpcf7-tel wpcf7-validates-as-required wpcf7-text wpcf7-validates-as-tel\" aria-required=\"true\" aria-invalid=\"false\" value=\"\" type=\"tel\" name=\"tel-921\" \/><\/span><\/label>\n<\/p>\n<p><label> Almak \u0130stedi\u011finiz E\u011fitim<br \/>\n<span class=\"wpcf7-form-control-wrap\" data-name=\"menu-481\"><select class=\"wpcf7-form-control wpcf7-select wpcf7-validates-as-required\" aria-required=\"true\" aria-invalid=\"false\" name=\"menu-481\"><option value=\"9. s\u0131n\u0131f\">9. s\u0131n\u0131f<\/option><option value=\"10. s\u0131n\u0131f\">10. s\u0131n\u0131f<\/option><option value=\"11. s\u0131n\u0131f\">11. s\u0131n\u0131f<\/option><option value=\"12. s\u0131n\u0131f\">12. s\u0131n\u0131f<\/option><option value=\"Mezun\">Mezun<\/option><option value=\"\u00d6zel ders\">\u00d6zel ders<\/option><\/select><\/span><br \/>\n<\/label>\n<\/p>\n<p><label> Okuldan \u00c7\u0131k\u0131\u015f Saatiniz? (Mezun iseniz \"0\" yaz\u0131n)<br \/>\n<span class=\"wpcf7-form-control-wrap\" data-name=\"text-855\"><input size=\"40\" maxlength=\"400\" class=\"wpcf7-form-control wpcf7-text wpcf7-validates-as-required\" aria-required=\"true\" aria-invalid=\"false\" value=\"\" type=\"text\" name=\"text-855\" \/><\/span> <\/label>\n<\/p>\n<p><label> Matematik Temeliniz<br \/>\n<span class=\"wpcf7-form-control-wrap\" data-name=\"radio-876\"><span class=\"wpcf7-form-control wpcf7-radio\"><span class=\"wpcf7-list-item first\"><input type=\"radio\" name=\"radio-876\" value=\"\u00c7ok K\u00f6t\u00fc\" checked=\"checked\" \/><span class=\"wpcf7-list-item-label\">\u00c7ok K\u00f6t\u00fc<\/span><\/span><span class=\"wpcf7-list-item\"><input type=\"radio\" name=\"radio-876\" value=\"K\u00f6t\u00fc\" \/><span class=\"wpcf7-list-item-label\">K\u00f6t\u00fc<\/span><\/span><span class=\"wpcf7-list-item\"><input type=\"radio\" name=\"radio-876\" value=\"Orta\" \/><span class=\"wpcf7-list-item-label\">Orta<\/span><\/span><span class=\"wpcf7-list-item last\"><input type=\"radio\" name=\"radio-876\" value=\"\u0130yi\" \/><span class=\"wpcf7-list-item-label\">\u0130yi<\/span><\/span><\/span><\/span><\/label>\n<\/p>\n<p><label> Alan\u0131n\u0131z<br \/>\n<span class=\"wpcf7-form-control-wrap\" data-name=\"radio-820\"><span class=\"wpcf7-form-control wpcf7-radio\"><span class=\"wpcf7-list-item first\"><input type=\"radio\" name=\"radio-820\" value=\"Say\u0131sal\" checked=\"checked\" \/><span class=\"wpcf7-list-item-label\">Say\u0131sal<\/span><\/span><span class=\"wpcf7-list-item\"><input type=\"radio\" name=\"radio-820\" value=\"E\u015fit A\u011f\u0131rl\u0131k\" \/><span class=\"wpcf7-list-item-label\">E\u015fit A\u011f\u0131rl\u0131k<\/span><\/span><span class=\"wpcf7-list-item last\"><input type=\"radio\" name=\"radio-820\" value=\"S\u00f6zel\" \/><span class=\"wpcf7-list-item-label\">S\u00f6zel<\/span><\/span><\/span><\/span><\/label>\n<\/p>\n<p><label> Almak istedi\u011finiz e\u011fitim t\u00fcr\u00fc<br \/>\n<span class=\"wpcf7-form-control-wrap\" data-name=\"radio-100\"><span class=\"wpcf7-form-control wpcf7-radio\"><span class=\"wpcf7-list-item first\"><input type=\"radio\" name=\"radio-100\" value=\"Bireysel\" checked=\"checked\" \/><span class=\"wpcf7-list-item-label\">Bireysel<\/span><\/span><span class=\"wpcf7-list-item last\"><input type=\"radio\" name=\"radio-100\" value=\"Grup\" \/><span class=\"wpcf7-list-item-label\">Grup<\/span><\/span><\/span><\/span> <\/label>\n<\/p>\n<p><input class=\"wpcf7-form-control wpcf7-submit has-spinner\" type=\"submit\" value=\"G\u00f6nder\" \/>\n<\/p><div class=\"wpcf7-response-output\" aria-hidden=\"true\"><\/div>\n<\/form>\n<\/div>\n\n","protected":false},"excerpt":{"rendered":"Ad\u0131n\u0131z Soyad\u0131n\u0131z (Gerekli) Telefon Numaran\u0131z (Gerekli) Almak \u0130stedi\u011finiz E\u011fitim 9. s\u0131n\u0131f10. s\u0131n\u0131f11. s\u0131n\u0131f12. s\u0131n\u0131fMezun\u00d6zel ders Okuldan \u00c7\u0131k\u0131\u015f Saatiniz? (Mezun iseniz \"0\" yaz\u0131n) Matematik Temeliniz \u00c7ok K\u00f6t\u00fcK\u00f6t\u00fcOrta\u0130yi Alan\u0131n\u0131z Say\u0131salE\u015fit A\u011f\u0131rl\u0131kS\u00f6zel Almak istedi\u011finiz e\u011fitim t\u00fcr\u00fc BireyselGrup","protected":false},"author":1,"featured_media":0,"parent":0,"menu_order":0,"comment_status":"closed","ping_status":"closed","template":"","meta":{"_bbp_topic_count":0,"_bbp_reply_count":0,"_bbp_total_topic_count":0,"_bbp_total_reply_count":0,"_bbp_voice_count":0,"_bbp_anonymous_reply_count":0,"_bbp_topic_count_hidden":0,"_bbp_reply_count_hidden":0,"_bbp_forum_subforum_count":0,"pmpro_default_level":"","footnotes":""},"class_list":["post-8880","page","type-page","status-publish","hentry","pmpro-has-access"],"_links":{"self":[{"href":"https:\/\/corummatematikevi.com\/index.php\/wp-json\/wp\/v2\/pages\/8880","targetHints":{"allow":["GET"]}}],"collection":[{"href":"https:\/\/corummatematikevi.com\/index.php\/wp-json\/wp\/v2\/pages"}],"about":[{"href":"https:\/\/corummatematikevi.com\/index.php\/wp-json\/wp\/v2\/types\/page"}],"author":[{"embeddable":true,"href":"https:\/\/corummatematikevi.com\/index.php\/wp-json\/wp\/v2\/users\/1"}],"replies":[{"embeddable":true,"href":"https:\/\/corummatematikevi.com\/index.php\/wp-json\/wp\/v2\/comments?post=8880"}],"version-history":[{"count":1,"href":"https:\/\/corummatematikevi.com\/index.php\/wp-json\/wp\/v2\/pages\/8880\/revisions"}],"predecessor-version":[{"id":8881,"href":"https:\/\/corummatematikevi.com\/index.php\/wp-json\/wp\/v2\/pages\/8880\/revisions\/8881"}],"wp:attachment":[{"href":"https:\/\/corummatematikevi.com\/index.php\/wp-json\/wp\/v2\/media?parent=8880"}],"curies":[{"name":"wp","href":"https:\/\/api.w.org\/{rel}","templated":true}]}}